{"id":3630,"date":"2019-07-07T12:18:56","date_gmt":"2019-07-07T10:18:56","guid":{"rendered":"http:\/\/localhost:8080\/tus\/?page_id=3630"},"modified":"2025-11-19T10:41:20","modified_gmt":"2025-11-19T09:41:20","slug":"schiedsrichter","status":"publish","type":"page","link":"https:\/\/tus-helmlingen.org\/?page_id=3630","title":{"rendered":"Schiedsrichter"},"content":{"rendered":"<h2><strong>Schiedsrichter<\/strong> | TuS Helmlingen<\/h2>\n<h1><strong>Schiedsrichter Saison 2024\/25<\/strong><\/h1>\n<p>In der Saison 2024\/ 2025 pfeifen folgende Schiedsrichter f\u00fcr uns:<\/p>\n<p>David Kessler, Heiko Lacker, Daniel Weidinger<\/p>\n<p>&nbsp;<\/p>\n<p>Ein gro\u00dfes Dankesch\u00f6n f\u00fcr euren Einsatz!<\/p>\n","protected":false},"excerpt":{"rendered":"<p>Schiedsrichter | TuS Helmlingen Schiedsrichter Saison 2024\/25 In der Saison 2024\/ 2025 pfeifen folgende Schiedsrichter f\u00fcr uns: David Kessler, Heiko Lacker, Daniel Weidinger &nbsp; Ein gro\u00dfes Dankesch\u00f6n f\u00fcr euren Einsatz!<\/p>\n","protected":false},"author":1,"featured_media":0,"parent":3614,"menu_order":60,"comment_status":"closed","ping_status":"closed","template":"","meta":{"footnotes":""},"class_list":["post-3630","page","type-page","status-publish","hentry"],"_links":{"self":[{"href":"https:\/\/tus-helmlingen.org\/index.php?rest_route=\/wp\/v2\/pages\/3630","targetHints":{"allow":["GET"]}}],"collection":[{"href":"https:\/\/tus-helmlingen.org\/index.php?rest_route=\/wp\/v2\/pages"}],"about":[{"href":"https:\/\/tus-helmlingen.org\/index.php?rest_route=\/wp\/v2\/types\/page"}],"author":[{"embeddable":true,"href":"https:\/\/tus-helmlingen.org\/index.php?rest_route=\/wp\/v2\/users\/1"}],"replies":[{"embeddable":true,"href":"https:\/\/tus-helmlingen.org\/index.php?rest_route=%2Fwp%2Fv2%2Fcomments&post=3630"}],"version-history":[{"count":6,"href":"https:\/\/tus-helmlingen.org\/index.php?rest_route=\/wp\/v2\/pages\/3630\/revisions"}],"predecessor-version":[{"id":6702,"href":"https:\/\/tus-helmlingen.org\/index.php?rest_route=\/wp\/v2\/pages\/3630\/revisions\/6702"}],"up":[{"embeddable":true,"href":"https:\/\/tus-helmlingen.org\/index.php?rest_route=\/wp\/v2\/pages\/3614"}],"wp:attachment":[{"href":"https:\/\/tus-helmlingen.org\/index.php?rest_route=%2Fwp%2Fv2%2Fmedia&parent=3630"}],"curies":[{"name":"wp","href":"https:\/\/api.w.org\/{rel}","templated":true}]}}

<h2><strong>Schiedsrichter</strong> | TuS Helmlingen</h2>
<h1><strong>Schiedsrichter Saison 2024/25</strong></h1>
<p>In der Saison 2024/ 2025 pfeifen folgende Schiedsrichter für uns:</p>
<p>David Kessler, Heiko Lacker, Daniel Weidinger</p>
<p>&nbsp;</p>
<p>Ein großes Dankeschön für euren Einsatz!</p>

<p>Schiedsrichter | TuS Helmlingen Schiedsrichter Saison 2024/25 In der Saison 2024/ 2025 pfeifen folgende Schiedsrichter für uns: David Kessler, Heiko Lacker, Daniel Weidinger &nbsp; Ein großes Dankeschön für euren Einsatz!</p>
